{"id":2831,"date":"2024-07-02T23:06:07","date_gmt":"2024-07-02T21:06:07","guid":{"rendered":"https:\/\/www.samma-rockt.de\/?page_id=2831"},"modified":"2024-07-02T23:32:12","modified_gmt":"2024-07-02T21:32:12","slug":"home","status":"publish","type":"page","link":"https:\/\/www.samma-rockt.de\/","title":{"rendered":"Home"},"content":{"rendered":"\t\t<div data-elementor-type=\"wp-page\" data-elementor-id=\"2831\" class=\"elementor elementor-2831\">\n\t\t\t\t\t\t<section class=\"elementor-section elementor-top-section elementor-element elementor-element-770be92 elementor-section-boxed elementor-section-height-default elementor-section-height-default\" data-id=\"770be92\" data-element_type=\"section\" data-e-type=\"section\">\n\t\t\t\t\t\t<div class=\"elementor-container elementor-column-gap-default\">\n\t\t\t\t\t<div class=\"elementor-column elementor-col-100 elementor-top-column elementor-element elementor-element-fd7b30e\" data-id=\"fd7b30e\" data-element_type=\"column\" data-e-type=\"column\">\n\t\t\t<div class=\"elementor-widget-wrap elementor-element-populated\">\n\t\t\t\t\t\t<div class=\"elementor-element elementor-element-27c5d9f elementor-widget elementor-widget-heading\" data-id=\"27c5d9f\" data-element_type=\"widget\" data-e-type=\"widget\" data-widget_type=\"heading.default\">\n\t\t\t\t<div class=\"elementor-widget-container\">\n\t\t\t\t\t<h2 class=\"elementor-heading-title elementor-size-default\">Was ist SAMMA ROCKT?<\/h2>\t\t\t\t<\/div>\n\t\t\t\t<\/div>\n\t\t\t\t\t<\/div>\n\t\t<\/div>\n\t\t\t\t\t<\/div>\n\t\t<\/section>\n\t\t\t\t<section class=\"elementor-section elementor-top-section elementor-element elementor-element-fbd42d8 elementor-section-boxed elementor-section-height-default elementor-section-height-default\" data-id=\"fbd42d8\" data-element_type=\"section\" data-e-type=\"section\">\n\t\t\t\t\t\t<div class=\"elementor-container elementor-column-gap-default\">\n\t\t\t\t\t<div class=\"elementor-column elementor-col-100 elementor-top-column elementor-element elementor-element-e5735fb\" data-id=\"e5735fb\" data-element_type=\"column\" data-e-type=\"column\">\n\t\t\t<div class=\"elementor-widget-wrap elementor-element-populated\">\n\t\t\t\t\t\t<div class=\"elementor-element elementor-element-c7b9d47 elementor-widget elementor-widget-text-editor\" data-id=\"c7b9d47\" data-element_type=\"widget\" data-e-type=\"widget\" data-widget_type=\"text-editor.default\">\n\t\t\t\t<div class=\"elementor-widget-container\">\n\t\t\t\t\t\t\t\t\t<p>SAMMA ROCKT ist ein 2-t\u00e4giges Fest, dass alle 2 Jahre vom Kulturverein Sammenheim-Sausenhofen e.V. und seinen Mitgliedern veranstaltet wird.<\/p>\n<p>Die n\u00e4chste Ausgabe findet am 11. und 12. Juli 2025 statt. Das Line Up besteht an einem Abend aus Live Rock \/ Partyrock Musik und am zweiten Abend sorgen DJs f\u00fcr die Stimmung!<\/p>\t\t\t\t\t\t\t\t<\/div>\n\t\t\t\t<\/div>\n\t\t\t\t\t<\/div>\n\t\t<\/div>\n\t\t\t\t\t<\/div>\n\t\t<\/section>\n\t\t\t\t<section class=\"elementor-section elementor-top-section elementor-element elementor-element-1f3c22b elementor-section-stretched elementor-section-boxed elementor-section-height-default elementor-section-height-default\" data-id=\"1f3c22b\" data-element_type=\"section\" data-e-type=\"section\" data-settings=\"{&quot;stretch_section&quot;:&quot;section-stretched&quot;}\">\n\t\t\t\t\t\t\t<div class=\"elementor-background-overlay\"><\/div>\n\t\t\t\t\t\t\t<div class=\"elementor-container elementor-column-gap-default\">\n\t\t\t\t\t<div class=\"elementor-column elementor-col-100 elementor-top-column elementor-element elementor-element-18e9692\" data-id=\"18e9692\" data-element_type=\"column\" data-e-type=\"column\">\n\t\t\t<div class=\"elementor-widget-wrap elementor-element-populated\">\n\t\t\t\t\t\t<div class=\"elementor-element elementor-element-88a7812 elementor-widget elementor-widget-heading\" data-id=\"88a7812\" data-element_type=\"widget\" data-e-type=\"widget\" data-widget_type=\"heading.default\">\n\t\t\t\t<div class=\"elementor-widget-container\">\n\t\t\t\t\t<h2 class=\"elementor-heading-title elementor-size-default\">Letzte Beitr\u00e4ge<\/h2>\t\t\t\t<\/div>\n\t\t\t\t<\/div>\n\t\t\t\t<div class=\"elementor-element elementor-element-fca7cb4 elementor-widget elementor-widget-shortcode\" data-id=\"fca7cb4\" data-element_type=\"widget\" data-e-type=\"widget\" data-widget_type=\"shortcode.default\">\n\t\t\t\t<div class=\"elementor-widget-container\">\n\t\t\t\t\t\t\t<div class=\"elementor-shortcode\"><div class=\"pt-cv-wrapper\"><div class=\"pt-cv-view pt-cv-blockgrid iscvblock iscvhybrid list1 layout1\" id=\"pt-cv-view-403113duj2\"><div data-id=\"pt-cv-page-1\" class=\"pt-cv-page\" data-cvc=\"1\"><div class=\" pt-cv-content-item pt-cv-2-col\" ><div class=\"pt-cv-thumb-wrapper pull-left \"><a href=\"https:\/\/www.samma-rockt.de\/index.php\/2025\/02\/25\/flyer-samma-rockt-2025\/\" class=\"_self pt-cv-href-thumbnail pt-cv-thumb-left\" target=\"_self\" ><img fetchpriority=\"high\" decoding=\"async\" width=\"211\" height=\"300\" src=\"https:\/\/www.samma-rockt.de\/wp-content\/uploads\/2025\/02\/Plakate-und-Flyer-Vorderseite-211x300.jpg\" class=\"pt-cv-thumbnail pull-left\" alt=\"\" srcset=\"https:\/\/www.samma-rockt.de\/wp-content\/uploads\/2025\/02\/Plakate-und-Flyer-Vorderseite-211x300.jpg 211w, https:\/\/www.samma-rockt.de\/wp-content\/uploads\/2025\/02\/Plakate-und-Flyer-Vorderseite-721x1024.jpg 721w, https:\/\/www.samma-rockt.de\/wp-content\/uploads\/2025\/02\/Plakate-und-Flyer-Vorderseite-1082x1536.jpg 1082w, https:\/\/www.samma-rockt.de\/wp-content\/uploads\/2025\/02\/Plakate-und-Flyer-Vorderseite.jpg 1409w\" sizes=\"100vw\" \/><\/a><\/div>\n<div class=\"pt-cv-colwrap\"><h4 class=\"pt-cv-title\"><a href=\"https:\/\/www.samma-rockt.de\/index.php\/2025\/02\/25\/flyer-samma-rockt-2025\/\" class=\"_self\" target=\"_self\" >Samma Rockt 2025<\/a><\/h4><div class=\"pt-cv-content\">Unser SAMMA ROCKT 2025 Flyer Alles weiteren Infos zum diesj\u00e4hrigen Samma Rockt findet ihr hier: Samma Rockt 2025 ...<br \/><div class=\"pt-cv-rmwrap\"><a href=\"https:\/\/www.samma-rockt.de\/index.php\/2025\/02\/25\/flyer-samma-rockt-2025\/\" class=\"_self pt-cv-readmore btn btn-success\" target=\"_self\">Weiterlesen\u00a0\u2026<\/a><\/div><\/div><\/div><\/div>\n<div class=\" pt-cv-content-item pt-cv-2-col\" ><div class=\"pt-cv-thumb-wrapper pull-left \"><a href=\"https:\/\/www.samma-rockt.de\/index.php\/2023\/08\/09\/bilder-jetzt-online\/\" class=\"_self pt-cv-href-thumbnail pt-cv-thumb-left\" target=\"_self\" ><img decoding=\"async\" width=\"300\" height=\"200\" src=\"https:\/\/www.samma-rockt.de\/wp-content\/uploads\/2023\/08\/SAMMA-ROCKT-by-DREMAZE-112-300x200.jpg\" class=\"pt-cv-thumbnail pull-left\" alt=\"\" srcset=\"https:\/\/www.samma-rockt.de\/wp-content\/uploads\/2023\/08\/SAMMA-ROCKT-by-DREMAZE-112-300x200.jpg 300w, https:\/\/www.samma-rockt.de\/wp-content\/uploads\/2023\/08\/SAMMA-ROCKT-by-DREMAZE-112-1024x683.jpg 1024w, https:\/\/www.samma-rockt.de\/wp-content\/uploads\/2023\/08\/SAMMA-ROCKT-by-DREMAZE-112-768x512.jpg 768w, https:\/\/www.samma-rockt.de\/wp-content\/uploads\/2023\/08\/SAMMA-ROCKT-by-DREMAZE-112-1536x1024.jpg 1536w, https:\/\/www.samma-rockt.de\/wp-content\/uploads\/2023\/08\/SAMMA-ROCKT-by-DREMAZE-112-2048x1365.jpg 2048w, https:\/\/www.samma-rockt.de\/wp-content\/uploads\/2023\/08\/SAMMA-ROCKT-by-DREMAZE-112-676x451.jpg 676w, https:\/\/www.samma-rockt.de\/wp-content\/uploads\/2023\/08\/SAMMA-ROCKT-by-DREMAZE-112-scaled-2000x1334.jpg 2000w\" sizes=\"100vw\" \/><\/a><\/div>\n<div class=\"pt-cv-colwrap\"><h4 class=\"pt-cv-title\"><a href=\"https:\/\/www.samma-rockt.de\/index.php\/2023\/08\/09\/bilder-jetzt-online\/\" class=\"_self\" target=\"_self\" >Bilder jetzt online!<\/a><\/h4><div class=\"pt-cv-content\">Die Bilder von Samma Rockt 2023 sind jetzt online! -> Checkt Sie hier ab! ...<br \/><div class=\"pt-cv-rmwrap\"><a href=\"https:\/\/www.samma-rockt.de\/index.php\/2023\/08\/09\/bilder-jetzt-online\/\" class=\"_self pt-cv-readmore btn btn-success\" target=\"_self\">Weiterlesen\u00a0\u2026<\/a><\/div><\/div><\/div><\/div>\n<div class=\" pt-cv-content-item pt-cv-2-col\" ><div class=\"pt-cv-thumb-wrapper pull-left \"><a href=\"https:\/\/www.samma-rockt.de\/index.php\/2023\/08\/07\/freitag-14-juli\/\" class=\"_self pt-cv-href-thumbnail pt-cv-thumb-left\" target=\"_self\" ><img decoding=\"async\" width=\"300\" height=\"281\" src=\"https:\/\/www.samma-rockt.de\/wp-content\/uploads\/2023\/08\/315574-P8T4CV-463-e1719955602908-300x281.jpg\" class=\"pt-cv-thumbnail pull-left\" alt=\"\" srcset=\"https:\/\/www.samma-rockt.de\/wp-content\/uploads\/2023\/08\/315574-P8T4CV-463-e1719955602908-300x281.jpg 300w, https:\/\/www.samma-rockt.de\/wp-content\/uploads\/2023\/08\/315574-P8T4CV-463-e1719955602908-1024x959.jpg 1024w, https:\/\/www.samma-rockt.de\/wp-content\/uploads\/2023\/08\/315574-P8T4CV-463-e1719955602908-768x719.jpg 768w, https:\/\/www.samma-rockt.de\/wp-content\/uploads\/2023\/08\/315574-P8T4CV-463-e1719955602908-1536x1438.jpg 1536w, https:\/\/www.samma-rockt.de\/wp-content\/uploads\/2023\/08\/315574-P8T4CV-463-e1719955602908.jpg 2000w\" sizes=\"100vw\" \/><\/a><\/div>\n<div class=\"pt-cv-colwrap\"><h4 class=\"pt-cv-title\"><a href=\"https:\/\/www.samma-rockt.de\/index.php\/2023\/08\/07\/freitag-14-juli\/\" class=\"_self\" target=\"_self\" >Danke!!!<\/a><\/h4><div class=\"pt-cv-content\">Zur\u00fcck Weiter Wir m\u00f6chten uns von ganzem Herzen bei euch f\u00fcr ein unglaubliches Wochenende beim Samma Rockt bedanken! \ud83d\ude4f\ud83e\udd29 Es ...<br \/><div class=\"pt-cv-rmwrap\"><a href=\"https:\/\/www.samma-rockt.de\/index.php\/2023\/08\/07\/freitag-14-juli\/\" class=\"_self pt-cv-readmore btn btn-success\" target=\"_self\">Weiterlesen\u00a0\u2026<\/a><\/div><\/div><\/div><\/div>\n<div class=\" pt-cv-content-item pt-cv-2-col\" ><div class=\"pt-cv-thumb-wrapper pull-left \"><a href=\"https:\/\/www.samma-rockt.de\/index.php\/2023\/07\/11\/ticketvorverkauf-beendet\/\" class=\"_self pt-cv-href-thumbnail pt-cv-thumb-left\" target=\"_self\" ><img loading=\"lazy\" decoding=\"async\" width=\"300\" height=\"200\" src=\"https:\/\/www.samma-rockt.de\/wp-content\/uploads\/2023\/08\/SAMMA-ROCKT-by-DREMAZE-202-300x200.jpg\" class=\"pt-cv-thumbnail pull-left\" alt=\"\" srcset=\"https:\/\/www.samma-rockt.de\/wp-content\/uploads\/2023\/08\/SAMMA-ROCKT-by-DREMAZE-202-300x200.jpg 300w, https:\/\/www.samma-rockt.de\/wp-content\/uploads\/2023\/08\/SAMMA-ROCKT-by-DREMAZE-202-1024x683.jpg 1024w, https:\/\/www.samma-rockt.de\/wp-content\/uploads\/2023\/08\/SAMMA-ROCKT-by-DREMAZE-202-768x512.jpg 768w, https:\/\/www.samma-rockt.de\/wp-content\/uploads\/2023\/08\/SAMMA-ROCKT-by-DREMAZE-202-1536x1024.jpg 1536w, https:\/\/www.samma-rockt.de\/wp-content\/uploads\/2023\/08\/SAMMA-ROCKT-by-DREMAZE-202-2048x1365.jpg 2048w, https:\/\/www.samma-rockt.de\/wp-content\/uploads\/2023\/08\/SAMMA-ROCKT-by-DREMAZE-202-676x451.jpg 676w, https:\/\/www.samma-rockt.de\/wp-content\/uploads\/2023\/08\/SAMMA-ROCKT-by-DREMAZE-202-scaled-2000x1334.jpg 2000w\" sizes=\"100vw\" \/><\/a><\/div>\n<div class=\"pt-cv-colwrap\"><h4 class=\"pt-cv-title\"><a href=\"https:\/\/www.samma-rockt.de\/index.php\/2023\/07\/11\/ticketvorverkauf-beendet\/\" class=\"_self\" target=\"_self\" >Abendkasse &#038; Einlassbestimmungen<\/a><\/h4><div class=\"pt-cv-content\">Der Ticketvorverkauf wurde beendet. Es gibt ausreichend Tickets gibt an der Abendkasse! Einlass ist an beiden Tagen ab 19 Uhr ...<br \/><div class=\"pt-cv-rmwrap\"><a href=\"https:\/\/www.samma-rockt.de\/index.php\/2023\/07\/11\/ticketvorverkauf-beendet\/\" class=\"_self pt-cv-readmore btn btn-success\" target=\"_self\">Weiterlesen\u00a0\u2026<\/a><\/div><\/div><\/div><\/div>\n<div class=\" pt-cv-content-item pt-cv-2-col\" ><div class=\"pt-cv-thumb-wrapper pull-left \"><a href=\"https:\/\/www.samma-rockt.de\/index.php\/2023\/05\/08\/tickets-ab-jetzt-verfuegbar\/\" class=\"_self pt-cv-href-thumbnail pt-cv-thumb-left\" target=\"_self\" ><img loading=\"lazy\" decoding=\"async\" width=\"300\" height=\"132\" src=\"https:\/\/www.samma-rockt.de\/wp-content\/uploads\/2023\/05\/Header-300x132.png\" class=\"pt-cv-thumbnail pull-left\" alt=\"\" srcset=\"https:\/\/www.samma-rockt.de\/wp-content\/uploads\/2023\/05\/Header-300x132.png 300w, https:\/\/www.samma-rockt.de\/wp-content\/uploads\/2023\/05\/Header-1024x450.png 1024w, https:\/\/www.samma-rockt.de\/wp-content\/uploads\/2023\/05\/Header-768x337.png 768w, https:\/\/www.samma-rockt.de\/wp-content\/uploads\/2023\/05\/Header-1536x674.png 1536w, https:\/\/www.samma-rockt.de\/wp-content\/uploads\/2023\/05\/Header-676x297.png 676w, https:\/\/www.samma-rockt.de\/wp-content\/uploads\/2023\/05\/Header.png 1640w\" sizes=\"100vw\" \/><\/a><\/div>\n<div class=\"pt-cv-colwrap\"><h4 class=\"pt-cv-title\"><a href=\"https:\/\/www.samma-rockt.de\/index.php\/2023\/05\/08\/tickets-ab-jetzt-verfuegbar\/\" class=\"_self\" target=\"_self\" >Tickets ab jetzt verf\u00fcgbar!<\/a><\/h4><div class=\"pt-cv-content\">Es ist soweit!!! Ab sofort k\u00f6nnt ihr unter www.samma-rockt.de\/tickets Karten f\u00fcr das geilste Open Air Festival des Jahres bestellen. Holt ...<br \/><div class=\"pt-cv-rmwrap\"><a href=\"https:\/\/www.samma-rockt.de\/index.php\/2023\/05\/08\/tickets-ab-jetzt-verfuegbar\/\" class=\"_self pt-cv-readmore btn btn-success\" target=\"_self\">Weiterlesen\u00a0\u2026<\/a><\/div><\/div><\/div><\/div><\/div><\/div><\/div>\t\t\t<style type=\"text\/css\" id=\"pt-cv-inline-style-9fc0a0868q\">\n#pt-cv-view-403113duj2 .pt-cv-thumb-wrapper:not(.miniwrap) { width: 40%; }#pt-cv-view-403113duj2 .pt-cv-thumbnail:not(.pt-cv-thumbnailsm) { height: 300px; }#pt-cv-view-403113duj2 > .pt-cv-page {grid-template-columns: repeat(1, 1fr);grid-gap: 15px;}\n@media all and (max-width: 1024px) { \n#pt-cv-view-403113duj2 > .pt-cv-page {grid-template-columns: repeat(1, 1fr);}\n} \n@media all and (max-width: 767px) { \n#pt-cv-view-403113duj2 > .pt-cv-page {grid-template-columns: repeat(1, 1fr);}\n} <\/style>\r\n\t\t\t<\/div>\n\t\t\t\t\t\t<\/div>\n\t\t\t\t<\/div>\n\t\t\t\t\t<\/div>\n\t\t<\/div>\n\t\t\t\t\t<\/div>\n\t\t<\/section>\n\t\t\t\t<section class=\"elementor-section elementor-top-section elementor-element elementor-element-26c7c0e elementor-section-boxed elementor-section-height-default elementor-section-height-default\" data-id=\"26c7c0e\" data-element_type=\"section\" data-e-type=\"section\">\n\t\t\t\t\t\t<div class=\"elementor-container elementor-column-gap-default\">\n\t\t\t\t\t<div class=\"elementor-column elementor-col-100 elementor-top-column elementor-element elementor-element-8f2a87f\" data-id=\"8f2a87f\" data-element_type=\"column\" data-e-type=\"column\">\n\t\t\t<div class=\"elementor-widget-wrap elementor-element-populated\">\n\t\t\t\t\t\t<div class=\"elementor-element elementor-element-4e032c7 elementor-widget elementor-widget-spacer\" data-id=\"4e032c7\" data-element_type=\"widget\" data-e-type=\"widget\" data-widget_type=\"spacer.default\">\n\t\t\t\t<div class=\"elementor-widget-container\">\n\t\t\t\t\t\t\t<div class=\"elementor-spacer\">\n\t\t\t<div class=\"elementor-spacer-inner\"><\/div>\n\t\t<\/div>\n\t\t\t\t\t\t<\/div>\n\t\t\t\t<\/div>\n\t\t\t\t\t<\/div>\n\t\t<\/div>\n\t\t\t\t\t<\/div>\n\t\t<\/section>\n\t\t\t\t<\/div>\n\t\t","protected":false},"excerpt":{"rendered":"<p>Was ist SAMMA ROCKT? SAMMA ROCKT ist ein 2-t\u00e4giges Fest, dass alle 2 Jahre vom Kulturverein Sammenheim-Sausenhofen e.V. und seinen Mitgliedern veranstaltet wird. Die n\u00e4chste Ausgabe findet am 11. und 12. Juli 2025 statt. Das Line Up besteht an einem Abend aus Live Rock \/ Partyrock Musik und am zweiten Abend sorgen DJs f\u00fcr die &hellip; <\/p>\n<p class=\"link-more\"><a href=\"https:\/\/www.samma-rockt.de\/\" class=\"more-link\">Mehr <span class=\"screen-reader-text\">\u00fcber &#8222;Home&#8220; <\/span>Lesen<\/a><\/p>\n","protected":false},"author":1,"featured_media":0,"parent":0,"menu_order":0,"comment_status":"closed","ping_status":"closed","template":"","meta":{"footnotes":""},"class_list":["post-2831","page","type-page","status-publish","hentry"],"_links":{"self":[{"href":"https:\/\/www.samma-rockt.de\/index.php\/wp-json\/wp\/v2\/pages\/2831","targetHints":{"allow":["GET"]}}],"collection":[{"href":"https:\/\/www.samma-rockt.de\/index.php\/wp-json\/wp\/v2\/pages"}],"about":[{"href":"https:\/\/www.samma-rockt.de\/index.php\/wp-json\/wp\/v2\/types\/page"}],"author":[{"embeddable":true,"href":"https:\/\/www.samma-rockt.de\/index.php\/wp-json\/wp\/v2\/users\/1"}],"replies":[{"embeddable":true,"href":"https:\/\/www.samma-rockt.de\/index.php\/wp-json\/wp\/v2\/comments?post=2831"}],"version-history":[{"count":19,"href":"https:\/\/www.samma-rockt.de\/index.php\/wp-json\/wp\/v2\/pages\/2831\/revisions"}],"predecessor-version":[{"id":2852,"href":"https:\/\/www.samma-rockt.de\/index.php\/wp-json\/wp\/v2\/pages\/2831\/revisions\/2852"}],"wp:attachment":[{"href":"https:\/\/www.samma-rockt.de\/index.php\/wp-json\/wp\/v2\/media?parent=2831"}],"curies":[{"name":"wp","href":"https:\/\/api.w.org\/{rel}","templated":true}]}}