{"id":5,"date":"2016-09-07T11:25:46","date_gmt":"2016-09-07T09:25:46","guid":{"rendered":"http:\/\/simon-beisser.de\/wordpress-sammarockt\/?page_id=5"},"modified":"2017-07-21T13:10:29","modified_gmt":"2017-07-21T11:10:29","slug":"info","status":"publish","type":"page","link":"https:\/\/www.samma-rockt.de\/index.php\/info\/","title":{"rendered":"Info"},"content":{"rendered":"<h5>Wie entstand &#8222;Samma Rockt&#8220;?<\/h5>\n<p>Die Idee entstand zum 40 j\u00e4hrigen Jubil\u00e4um der Evangelischen Landjugend Sammenheim und Sausenhofen.<\/p>\n<p>Die ELJ wollte zum Jubil\u00e4um eine besondere Veranstaltung f\u00fcr die j\u00fcngere und \u00e4ltere Generation abhalten und gr\u00fcndete somit das erste Mal Samma Rockt im Jahr 2006.<br \/>\nDa vor einigen Jahren schon mehrere Plattenpartys in Sausenhofen veranstaltet wurden und zahlreiche Rock begeisterte Besucher anlockte, plante die ELJ das Ganze in einem etwas gr\u00f6\u00dferen Umfang und verlegte das Fest auf einen Stoppelacker.<\/p>\n<p>Im ersten Jahr wurde nur eine Rocknacht f\u00fcr Samstagabend geplant, mit anschlie\u00dfend feierlichem Ausklang f\u00fcr die zahlreichen Helfer und Helferinnen. Bei einer Nachbesprechung wurde dann einstimmig entschieden, Samma Rockt das n\u00e4chste Jahr an zwei Abenden zu veranstalten, und wie sich herausstellte mit vollem Erfolg.<\/p>\n<p>Von Anfang an sorgten die FFW Sammenheim, FFW Sausenhofen und die FFW Aha f\u00fcr die Sicherheit am und um das Gel\u00e4nde. Seit 2009 unterst\u00fctzt sie ein professioneller Sicherheitsdienst.<\/p>\n<p>Seit 2013 wird Samma Rockt vom Kulturverein Sammenheim &#8211; Sausenhofen e.V. veranstaltet.<\/p>\n<figure id=\"attachment_1514\" aria-describedby=\"caption-attachment-1514\" style=\"width: 676px\" class=\"wp-caption alignnone\"><a href=\"https:\/\/www.samma-rockt.de\/wp-content\/uploads\/2016\/09\/SammaRockt17_0015.jpg\"><img fetchpriority=\"high\" decoding=\"async\" class=\"wp-image-1514 size-large\" src=\"https:\/\/www.samma-rockt.de\/wp-content\/uploads\/2016\/09\/SammaRockt17_0015-1024x683.jpg\" alt=\"\" width=\"676\" height=\"451\" srcset=\"https:\/\/www.samma-rockt.de\/wp-content\/uploads\/2016\/09\/SammaRockt17_0015-1024x683.jpg 1024w, https:\/\/www.samma-rockt.de\/wp-content\/uploads\/2016\/09\/SammaRockt17_0015-600x400.jpg 600w, https:\/\/www.samma-rockt.de\/wp-content\/uploads\/2016\/09\/SammaRockt17_0015-300x200.jpg 300w, https:\/\/www.samma-rockt.de\/wp-content\/uploads\/2016\/09\/SammaRockt17_0015-768x512.jpg 768w, https:\/\/www.samma-rockt.de\/wp-content\/uploads\/2016\/09\/SammaRockt17_0015-945x630.jpg 945w\" sizes=\"(max-width: 676px) 100vw, 676px\" \/><\/a><figcaption id=\"caption-attachment-1514\" class=\"wp-caption-text\">Helferfoto Kulturverein Sammenheim\/Sausenhofen &#8211; 2017<\/figcaption><\/figure>\n","protected":false},"excerpt":{"rendered":"<p>Wie entstand &#8222;Samma Rockt&#8220;? Die Idee entstand zum 40 j\u00e4hrigen Jubil\u00e4um der Evangelischen Landjugend Sammenheim und Sausenhofen. Die ELJ wollte zum Jubil\u00e4um eine besondere Veranstaltung f\u00fcr die j\u00fcngere und \u00e4ltere Generation abhalten und gr\u00fcndete somit das erste Mal Samma Rockt im Jahr 2006. Da vor einigen Jahren schon mehrere Plattenpartys in Sausenhofen veranstaltet wurden und &hellip; <\/p>\n<p class=\"link-more\"><a href=\"https:\/\/www.samma-rockt.de\/index.php\/info\/\" class=\"more-link\">Mehr <span class=\"screen-reader-text\">\u00fcber &#8222;Info&#8220; <\/span>Lesen<\/a><\/p>\n","protected":false},"author":1,"featured_media":0,"parent":0,"menu_order":0,"comment_status":"closed","ping_status":"closed","template":"","meta":{"footnotes":""},"class_list":["post-5","page","type-page","status-publish","hentry"],"_links":{"self":[{"href":"https:\/\/www.samma-rockt.de\/index.php\/wp-json\/wp\/v2\/pages\/5","targetHints":{"allow":["GET"]}}],"collection":[{"href":"https:\/\/www.samma-rockt.de\/index.php\/wp-json\/wp\/v2\/pages"}],"about":[{"href":"https:\/\/www.samma-rockt.de\/index.php\/wp-json\/wp\/v2\/types\/page"}],"author":[{"embeddable":true,"href":"https:\/\/www.samma-rockt.de\/index.php\/wp-json\/wp\/v2\/users\/1"}],"replies":[{"embeddable":true,"href":"https:\/\/www.samma-rockt.de\/index.php\/wp-json\/wp\/v2\/comments?post=5"}],"version-history":[{"count":10,"href":"https:\/\/www.samma-rockt.de\/index.php\/wp-json\/wp\/v2\/pages\/5\/revisions"}],"predecessor-version":[{"id":1517,"href":"https:\/\/www.samma-rockt.de\/index.php\/wp-json\/wp\/v2\/pages\/5\/revisions\/1517"}],"wp:attachment":[{"href":"https:\/\/www.samma-rockt.de\/index.php\/wp-json\/wp\/v2\/media?parent=5"}],"curies":[{"name":"wp","href":"https:\/\/api.w.org\/{rel}","templated":true}]}}

<h5>Wie entstand &#8222;Samma Rockt&#8220;?</h5>
<p>Die Idee entstand zum 40 jährigen Jubiläum der Evangelischen Landjugend Sammenheim und Sausenhofen.</p>
<p>Die ELJ wollte zum Jubiläum eine besondere Veranstaltung für die jüngere und ältere Generation abhalten und gründete somit das erste Mal Samma Rockt im Jahr 2006.<br />
Da vor einigen Jahren schon mehrere Plattenpartys in Sausenhofen veranstaltet wurden und zahlreiche Rock begeisterte Besucher anlockte, plante die ELJ das Ganze in einem etwas größeren Umfang und verlegte das Fest auf einen Stoppelacker.</p>
<p>Im ersten Jahr wurde nur eine Rocknacht für Samstagabend geplant, mit anschließend feierlichem Ausklang für die zahlreichen Helfer und Helferinnen. Bei einer Nachbesprechung wurde dann einstimmig entschieden, Samma Rockt das nächste Jahr an zwei Abenden zu veranstalten, und wie sich herausstellte mit vollem Erfolg.</p>
<p>Von Anfang an sorgten die FFW Sammenheim, FFW Sausenhofen und die FFW Aha für die Sicherheit am und um das Gelände. Seit 2009 unterstützt sie ein professioneller Sicherheitsdienst.</p>
<p>Seit 2013 wird Samma Rockt vom Kulturverein Sammenheim &#8211; Sausenhofen e.V. veranstaltet.</p>
<figure id="attachment_1514" aria-describedby="caption-attachment-1514" style="width: 676px" class="wp-caption alignnone"><a href="https://www.samma-rockt.de/wp-content/uploads/2016/09/SammaRockt17_0015.jpg"><img fetchpriority="high" decoding="async" class="wp-image-1514 size-large" src="https://www.samma-rockt.de/wp-content/uploads/2016/09/SammaRockt17_0015-1024x683.jpg" alt="" width="676" height="451" srcset="https://www.samma-rockt.de/wp-content/uploads/2016/09/SammaRockt17_0015-1024x683.jpg 1024w, https://www.samma-rockt.de/wp-content/uploads/2016/09/SammaRockt17_0015-600x400.jpg 600w, https://www.samma-rockt.de/wp-content/uploads/2016/09/SammaRockt17_0015-300x200.jpg 300w, https://www.samma-rockt.de/wp-content/uploads/2016/09/SammaRockt17_0015-768x512.jpg 768w, https://www.samma-rockt.de/wp-content/uploads/2016/09/SammaRockt17_0015-945x630.jpg 945w" sizes="(max-width: 676px) 100vw, 676px" /></a><figcaption id="caption-attachment-1514" class="wp-caption-text">Helferfoto Kulturverein Sammenheim/Sausenhofen &#8211; 2017</figcaption></figure>

<p>Wie entstand &#8222;Samma Rockt&#8220;? Die Idee entstand zum 40 jährigen Jubiläum der Evangelischen Landjugend Sammenheim und Sausenhofen. Die ELJ wollte zum Jubiläum eine besondere Veranstaltung für die jüngere und ältere Generation abhalten und gründete somit das erste Mal Samma Rockt im Jahr 2006. Da vor einigen Jahren schon mehrere Plattenpartys in Sausenhofen veranstaltet wurden und &hellip; </p>
<p class="link-more"><a href="https://www.samma-rockt.de/index.php/info/" class="more-link">Mehr <span class="screen-reader-text">über &#8222;Info&#8220; </span>Lesen</a></p>
